the remainder when l(-21) is divided by k(-5).
5
Let h(a) = a**3 - 18*a**2 + 18*a + 50. Calculate the remainder when 217 is divided by h(17).
16
Let w(q) = 297 - 9*q - 609 + 301. What is the remainder when 48 is divided by w(-2)?
6
Let m(o) = -o**2 - 7*o - 9. Let u be m(-7). Let n be ((-30)/u)/((-6)/(-9)). Suppose -l - n*z = -40, 3*z - 6 = z. What is the remainder when l is divided by 9?
7
Let x(z) = -2*z**2 + 53*z + 101. Let k(v) = v**3 - 5*v**2 + 11*v - 7. What is the remainder when k(7) is divided by x(28)?
15
Let n = 814 + -737. What is the remainder when n is divided by (-14 - -1)/(1 + -2)?
12
Let u = -4 - -18. What is the remainder when ((-112)/(-7) - 6) + 113 is divided by u?
11
Let o = 855 - 422. What is the remainder when o is divided by 15?
13
Let f(d) = 33*d**2 + 26*d + 28. Suppose 4*l = -o - 26, 0 = 3*o - l + 3*l + 68. Let q = o + 41. What is the remainder when f(-1) is divided by q?
16
Let x = 12 - -9. Suppose 0 = 31*t - 28*t - x. What is the remainder when 31 is divided by t?
3
Suppose 0*a + 3*a = -5*m + 16, 2*a - 3*m + 2 = 0. Suppose 4*k - 44 = -3*f, 4*f - 43 + 11 = 0. What is the remainder when k is divided by (a - 3) + -1 + 6?
1
Let v(j) = -4*j + 74. What is the remainder when v(-9) is divided by 19?
15
Suppose 4 = -2*z + 8. Suppose z*o = 4*n + 84, -2*o + n = o - 146. What is the remainder when o is divided by 26?
24
Let x(c) = -c**2 + 3*c. Let a be x(3). Suppose a*l - 4*l = 0. Suppose q - 6 - 25 = l. Calculate the remainder when q is divided by 11.
9
Suppose v - 566 = -529. Calculate the remainder when 109 is divided by v.
35
Let q(o) = 3*o**3 + 46*o**2 + o - 7. Let i be q(-15). Suppose 0*s + 80 = 5*s. What is the remainder when (i/21)/(2/6) is divided by s?
13
Suppose 481 = 5*z + 4*r, -6*r = -3*z - 8*r + 287. What is the remainder when z is divided by 4/12 + (-94)/(-6)?
13
Let k(w) = w**3 + 7*w**2 + 7*w. Let u be (-8)/6 - -2 - 3500/30. Calculate the remainder when (u/(-6))/(3/9) is divided by k(-5).
13
Let d(b) = 32*b - 56. Calculate the remainder when 191 is divided by d(3).
31
Suppose 4*a + 30 = 7*a. Calculate the remainder when (-9 - -3)*(-44)/12 is divided by a.
2
Let u = 23 - 3. Suppose u = -3*f + 26. Calculate the remainder when 37 is divided by (-6)/(-3)*19/f.
18
Suppose 4*k - 137 = -45. Suppose -10 = -4*v + 10. Suppose -2*a - v + 185 = 0. Calculate the remainder when a is divided by k.
21
Let p = 466 + -458. Calculate the remainder when p is divided by 6.
2
Suppose 0 = c - 5*c + 636. Suppose 5*t - 251 = c. What is the remainder when t is divided by 81/(15/5) - -1?
26
Suppose x = 5 + 1. Suppose -4011*u + 57 = -4008*u. Calculate the remainder when u is divided by x.
1
Let f be (3/(-3) - -3) + 0. Let s be -3 + 2 + -2 + f. What is the remainder when 35 is divided by 46/4 - s/2?
11
Let z(s) = -3*s - 2. Let i be z(-3). Suppose 2*d + 3*g - 4 - 2 = 0, -17 = -d + 2*g. Let n = d - i. Calculate the remainder when 4 is divided by n.
0
Let a be -2 + 0/(-3) + 14. Suppose 10*n - a*n = -156. Let b(w) = w**2 - 2*w + 3. What is the remainder when n is divided by b(6)?
24
Suppose 0 = -2*f + 8, -3*f = -m + 3*m - 260. Calculate the remainder when m is divided by 19.
10
Suppose -4 = 5*f + 6. Let l(w) = -2*w**3 - 3*w**2 - 2*w - 2. What is the remainder when (-30)/(-9)*(-6)/(-2) is divided by l(f)?
4
Suppose 1 + 8 = k. What is the remainder when 10 is divided by (42/k)/(6/9)?
3
Let v = 33 + -20. Let f be ((-560)/(-60))/(((-4)/18)/(-1)). What is the remainder when v is divided by 7/f + 94/12?
5
Suppose -3*f + 4*o - 81 = 0, 3*f - 3*o + 84 = 2*o. Calculate the remainder when (-2)/((-120)/(-61) - (13 + -11)) is divided by (-2 - -3)*-2 - f.
19
Let w be (-10)/(-25) - 13/(-5). Suppose r + 52 = 3*r - 4*i, -w*r + 69 = -3*i. Suppose -5*v = -327 + 42. What is the remainder when v is divided by r?
17
Suppose 0 = 3*t - 12*t + 468. What is the remainder when 1349 is divided by t?
49
Suppose -4*t - 1 - 7 = 0. Let w(p) = -p. Let k be w(t). What is the remainder when 2 is divided by k - (0 + 0) - 1?
0
Let y be (0/((-12)/(-4)))/4. Suppose y = 6*l - 121 - 83. Let v(h) = 2*h. What is the remainder when l is divided by v(6)?
10
Suppose 0*d + 5*f + 92 = 3*d, 2*f = -5*d + 112. What is the remainder when d is divided by 9?
6
Let x = 61 - -4. Suppose 0 = -5*j - 5*m + x, -24 = -2*j + m - 4*m. What is the remainder when 101 is divided by j?
11
Suppose 29*i = -12*i + 2132. Calculate the remainder when 986 is divided by i.
50
Let k = 59 - 45. Suppose k*m - 84 = 11*m. What is the remainder when m is divided by 8?
4
Let i be (2/4 - 1)*(-17 - -13). Suppose -2*c - 3*h - 782 = -7*c, 0 = -2*c - i*h + 316. What is the remainder when c is divided by 40?
37
Suppose -67 = -3*j + 2*d, -4*d = -0*j - 4*j + 92. Let x be 4/22 - 1809/(-33). Let h = -16 + x. Calculate the remainder when h is divided by j.
18
Let s(m) = 31*m - 32. Calculate the remainder when 147 is divided by s(2).
27
Suppose -74*l - 333 = -79*l - t, -l = t - 69. Calculate the remainder when l is divided by 54.
12
Let u = -1277 - -1448. Calculate the remainder when u is divided by 22.
17
Suppose -21 + 150 = 3*q. Suppose w + 1 = q. Suppose f - 110 = -4*f. Calculate the remainder when w is divided by f.
20
Suppose 4*x - c - 119 = 0, 0 = x + x - c - 57. Suppose 0 = -3*i + 139 - x. Calculate the remainder when i is divided by 13.
10
Calculate the remainder when 119 is divided by 50*(224/160 - 2/2).
19
Let t(q) = 11*q - 2. What is the remainder when t(2) is divided by (-2 - 0)*(-5 - -9 - 7)?
2
Suppose -4*p = -5*p + 44. Let k = -139 - -313. Calculate the remainder when k is divided by p.
42
Suppose 81*b = 78*b + 84. What is the remainder when b is divided by 12?
4
Suppose u = 3*u + 162. Suppose -7*h = -3*h - 460. Let m = u + h. What is the remainder when 67 is divided by m?
33
Let h = 175 - 139. What is the remainder when 68 is divided by h?
32
Let r(x) = 4*x**3 - 4*x**2 + 5*x - 4. Let v be r(4). Suppose 3*y = -5*q + v, 5*q + y = 2*q + 124. What is the remainder when q is divided by (-3 - (0 - 1))*-7?
13
Suppose 6*q = 3*z + q - 71, 3*q = z - 29. What is the remainder when z is divided by 11?
6
Let i(t) = 2*t**2 + 5*t - 11. Let m be 63/(-14) - (-3)/(-6). Calculate the remainder when 41 is divided by i(m).
13
Let a = -5 + 9. Suppose -5*z + 0*f = 2*f + 39, 2*z + 6 = -a*f. Let h = 20 + z. What is the remainder when 30 is divided by h?
8
Let f(k) = k**3 - 2*k**2 - 3*k + 1. Let q be f(3). Let o be -1 + q/2*4. Calculate the remainder when -60*(o + -2 + 0) is divided by 21.
18
What is the remainder when (-16)/12 - 5476/(-12) is divided by 76?
75
Suppose 0 = 42*m + 35*m - 693. What is the remainder when -1 + 0 + 82 - 1 is divided by m?
8
Let k(u) be the third derivative of u**5/10 + 3*u**4/8 + 5*u**3/6 + 25*u**2. What is the remainder when k(-4) is divided by 33?
32
Suppose -151 = -5*y + 174. Calculate the remainder when y is divided by 36.
29
Let a(m) = 353*m**2 + 5*m + 4. Let d be a(5). Calculate the remainder when (-4)/7 + d/133 is divided by 17.
15
Suppose h = -4*k + 35, 1 = -h + 4*k + 4. What is the remainder when 111 is divided by h?
16
Let n(o) = o**3 + 4*o**2 + o + 5. Let g be n(-4). What is the remainder when 54 is divided by -38*g*2/(-4)?
16
Suppose 0 = -q + 2*t - 0*t + 1, 3*q = 5*t + 3. Let d(n) = 70*n - 276. Calculate the remainder when ((-4)/12)/(q/(-51)) is divided by d(4).
1
Let o(a) = 11*a**2 - 2*a - 2. Suppose p = -5*u + 210, -5*p = -u - u + 84. What is the remainder when o(4) is divided by u?
40
Let n be -10*(-2)/(-16)*120/2. Let t = 18 + -9. What is the remainder when (-1)/3*n/1 is divided by t?
7
Let d(q) = 22*q - 431. Calculate the remainder when d(22) is divided by (6 - 1) + -1 + 1.
3
Suppose 0 = -2*f - 4*z + 12, 4*z + 6 = 5*f + 4. Suppose -2*u = -4*r - 8 - 28, 5*r - 36 = -f*u. What is the remainder when 71 is divided by u?
17
What is the remainder when (-12)/(-14)*((-99)/(-9) + 206) is divided by 38?
34
Calculate the remainder when 119 is divided by (-5)/((-60)/(-6))*-24.
11
What is the remainder when -7 + 5 + 169 + 6 is divided by 58?
57
Suppose 410 - 125 = 19*w. Calculate the remainder when 264 is divided by w.
9
Suppose 4*n + 175 = 9*n. Calculate the remainder when n is divided by 18.
17
Let x = 83 + -58. Suppose 0 = -27*o + x*o + 106. What is the remainder when o is divided by 19?
15
Suppose 290 - 105 